 f(-53)?
7
Let p be 6/4*(-28)/3. Let k(q) = -2*q**2 - 36*q + 27. What is the units digit of k(p)?
9
Let w = -30846 - -65377. What is the hundreds digit of w?
5
Let s(k) = 7*k + 18*k - 74 + 78 - k**2. What is the units digit of s(7)?
0
Let p be 4 - 10 - ((1 - -3) + -3041). Suppose 5*b = q + 7973, 4*b - q = 3347 + p. What is the units digit of b?
5
Let i(m) = m**3 - 86*m**2 + 158*m - 499. What is the hundreds digit of i(90)?
1
Let c(t) = -5*t**3 + 3*t**2 - 9*t + 6. Let n be ((-12)/4 - -4)/((-1)/4). What is the units digit of c(n)?
0
Let z(m) = -57*m + 69. Let y be (210/18 - 3)*3/(-2). What is the hundreds digit of z(y)?
8
Let i(v) = -v**3 + 12*v**2 + 2*v - 15. Let w be i(12). Let l(p) = -78*p**2 - 2 + 75*p**2 + p**3 + w - 6*p**3. What is the tens digit of l(-3)?
1
Let f(w) = 232*w + w**2 + 43 - 2 - 222*w + 36. What is the units digit of f(-20)?
7
Let q(f) be the second derivative of -f**3/3 + 25*f**2 + 3*f - 24. What is the units digit of q(-22)?
4
Suppose 3*c + 5827 = 4*b + 559, -2*c = 0. Suppose 5*h = k + 1662, -b = -8*h + 4*h + 5*k. What is the units digit of h?
3
Suppose -14*o = -375 - 61267. What is the hundreds digit of o?
4
Suppose r = -5*b + 98, 294 = 3*r - 7*b + 5*b. Let i = r - 70. What is the tens digit of i?
2
Let s(b) = -551*b - 2564. What is the ten thousands digit of s(-24)?
1
Let x(h) = -116*h**2 - 7 - 14*h - 111*h**2 + 230*h**2. What is the tens digit of x(-14)?
7
Let v = 9006 - 9001. Let h be 887 + (2 - 2*2). What is the tens digit of ((-3)/(-9))/(v/h)?
5
Let w be (-1)/3 - 909/27. Let b = 37 + w. Suppose 5*u - 120 = -3*f, -2*u + f + 100 = b*u. What is the tens digit of u?
2
Let s(d) = 15*d - 8. Let a(n) = 16*n - 9. Let v(b) = 5*a(b) - 6*s(b). Suppose -14896*y - 72 = -14888*y. What is the units digit of v(y)?
3
Suppose 2123*m + 122079 - 30315 = 2135*m. What is the tens digit of m?
4
Let l(i) = -68*i - 6. Let d(k) = k + 1. Let r(c) = 2*d(c) + l(c). Let z(n) = n**3 + 16*n**2 + 14*n - 17. Let s be z(-15). What is the units digit of r(s)?
8
Let y = 2687 - -3350. What is the hundreds digit of y?
0
Let s = 719 + -437. Let y = -252 + s. What is the tens digit of y?
3
Let h = 55499 - 19867. What is the hundreds digit of h?
6
Suppose -3*a + 4*s + 7194 = 0, 240*a - 237*a = -s + 7164. What is the hundreds digit of a?
3
Let u be ((-16)/(-64))/((-2)/(-1784)). What is the hundreds digit of (u - (-2 - 0)) + 6?
2
Let k be (-260)/3*(-54)/(-36). Let p be 594/10 + (-78)/k. Suppose -5*d = -2*m + p, 3*m + 4*d - 126 - 10 = 0. What is the tens digit of m?
4
What is the thousands digit of 78439314/2460 - (-1)/10?
1
Let r = -332 + 546. Let a = 882 - r. What is the units digit of a?
8
Let y = 139 - -2083. Let s = y + -1498. Suppose -3*a - 223 = -s. What is the units digit of a?
7
Let m = -288 - -279. Let n(t) = 16*t**2 - 2*t + 8. What is the hundreds digit of n(m)?
3
Let t(k) = k**2 - 24*k - 83. Let n be t(27). Let q(j) = -j**3 - j**2 - 4*j - 3. What is the units digit of q(n)?
9
Let t be ((-15)/12)/(2/(-8)). Suppose 4*r = t*w - 133, 0 = -r + 2*w - 48 + 11. What is the tens digit of r/(-4)*(-128)/(-12)?
7
Let v = 69264 - 39266. What is the hundreds digit of v?
9
Suppose 9*r - 15 = 21. Let p(s) = 9*s**2 + 5*s + 3. What is the hundreds digit of p(r)?
1
Let c = -5854 + 15484. What is the thousands digit of c?
9
Suppose 2557 + 613 = -5*a - 4*l, 2*a + 3*l = -1275. Let f = a + 1069. What is the units digit of f?
9
Let w = -691 + 67377. What is the ten thousands digit of w?
6
Let s = 198 - 383. Let i = 202 - s. What is the units digit of i?
7
Let s be (23/69)/((-2)/(-36)). Let l be 42/4*220/s. Suppose 0*b - l = -5*b. What is the tens digit of b?
7
Let u(s) = -s**3 - 16*s**2 - 21*s - 237. What is the hundreds digit of u(-19)?
2
Let q = -17657 + 53234. What is the hundreds digit of q?
5
Let g(j) = -5*j**3 + 38*j**2 - 42*j - 9. Let o be g(6). Suppose -41 = -3*m + 124. Let a = m - o. What is the units digit of a?
8
Let t(k) = k**2 - 7*k + 17. Let y be t(3). Suppose -2*h + 3*z + 3173 = 0, -3*h + 4788 = y*z - 0*z. What is the tens digit of h?
9
Let b be (1*11/2 + -4)*-2. Let l(a) = -337*a - 39. What is the tens digit of l(b)?
7
Suppose 5*g - 81 = -36. Let k(n) = 23*n + 56. What is the units digit of k(g)?
3
Suppose -17 = -t - 26. What is the tens digit of -9*3/t*113?
3
What is the thousands digit of -6 + 3/9*-15*(-6339)/5?
6
Suppose 12*u + 2*u = 56. Suppose 2*s = -5*y + 2407, 0*y - 5*s - 1919 = -u*y. What is the tens digit of y?
8
Suppose 6*w - w + 5 = 0. Let a be (1 + w)*(-6 + 5). Suppose -4*m - 2*l + 24 = a, -3*m + m + 5*l = -36. What is the units digit of m?
8
What is the tens digit of 9594 + ((-2)/(-16))/(-6*12/(-2880))?
9
Let m = -7132 + 59253. What is the tens digit of m?
2
Suppose 10*x = 3*x + 882. Let w = 132 - x. Let i(q) = 14*q - 28. What is the units digit of i(w)?
6
Suppose -13*b + 9 = 113. What is the units digit of (1*-1 - (-364 + b))/1?
1
Let s be (12/(-9))/(7/(-17388)). What is the thousands digit of s/8*(-5)/(-2)?
1
Let b = -629 + 629. Suppose -2*g + 4*q + 102 = 0, b = -3*q + 2 - 17. What is the tens digit of g?
4
Let l(c) = -c**2 - 27*c - 102. Let p be l(-5). What is the units digit of 4/((-40)/(-3926)) + p/20?
3
Suppose 4*v - 190 = -226. What is the tens digit of 301 - (v/((-9)/4) - 0)?
9
Let t = 8408 + -5081. What is the hundreds digit of t?
3
Suppose i - 5 = -4*d, -4*d + d = 3*i - 15. Suppose i*b + 4*z - 18 = 0, -7*b = -3*b - 2*z - 4. What is the tens digit of 9090/63 + b/(-7)?
4
Let z(l) be the first derivative of 3*l**3 + 25*l**2/2 + 8*l + 22. Let k be (-1)/3 - ((-11)/(-3) + 3). What is the tens digit of z(k)?
7
Suppose 5*k - l - 40717 = 0, -27737 - 12992 = -5*k - 3*l. What is the tens digit of k?
4
Let h = -1933 - -11222. What is the thousands digit of h?
9
Let z = 575 - 227. Suppose 4*o + 2252 - z = 0. What is the tens digit of o/(1 + -5) - 4?
1
Let w = -1381 - -5196. What is the units digit of w?
5
Let s = 77 + -136. Let q = -55 - s. Suppose q*b = 5*r - 1220, 998 + 222 = 5*r - 3*b. What is the units digit of r?
4
Let z(g) = -g**3 - 9*g**2 + 4*g + 3. Let p(a) = -a**2 + 13. Let u be p(4). Let x be (u/(-2))/((-36)/240). What is the units digit of z(x)?
3
Suppose 3*n - 17 = 5*p, -p - 9 = -3*n + 2*p. Let g be n*20/(-5) + -1. Suppose 57 = 3*c - g*l, 5*c = -4*l + 2*l + 67. What is the units digit of c?
5
Let q = -183408 + 260771. What is the units digit of q?
3
Suppose -211 - 975 = -2*k. Let s = 1105 - k. What is the units digit of s?
2
Suppose 2*j + 190 = 4*y, 0*j - 1 = -j. Let a = y - -501. What is the units digit of a?
9
Suppose -12 = -2*w - 2*d, 0 = -3*w - 2*d + 4*d + 3. Suppose -2*c + 21 = -15. Suppose -w*k = -3 - c. What is the units digit of k?
7
Suppose -23*a + 1092 = -4796. Let r = a - 183. What is the tens digit of r?
7
Let p(y) = 2*y**3 + 48*y**2 - 51*y - 597. What is the hundreds digit of p(-23)?
6
Let c be (-2 + 3)/(58/20 - 3). What is the units digit of ((-348)/c)/(4/(600/5))?
4
Suppose 5018 = 2*f - 4*t, 3*t = 2*f - 4716 - 297. What is the units digit of f?
9
Let y(q) = 960*q + 201. What is the hundreds digit of y(3)?
0
Let q be (2/(-3))/(7/(-21)). Let m(y) = -11*y**2 + y**3 + 3 - 17 + 5*y**q - 9*y. What is the tens digit of m(8)?
4
Let z(a) = 4069*a**2 + 10*a - 68. What is the ten thousands digit of z(-4)?
6
Suppose -4 = -j - 0. Let z(m) = 22*m**2 + 3*m - 12. What is the units digit of z(j)?
2
Let x be 76 - (0 + -5 - -1). Suppose 1195 = 5*n + x. What is the tens digit of n?
2
Let m(l) = -9*l**3 - 10*l**2 - 24*l - 57. What is the thousands digit of m(-6)?
1
Let z = 762 + -530. Let l be -2 - (-4)/3*(17 - -70). Let f = z - l. What is the tens digit of f?
1
Let z = -349 - -351. Suppose 0 = z*s + 2*p - 1692, -6*s - 4245 = -11*s - 2*p. What is the hundreds digit of s?
8
Let k = -12637 + 19471. What is the thousands digit of k?
6
Suppose 3*i + 4*x - x = 15, 0 = 5*x - 5. Let y be 2/i + 1295/10. Suppose y + 53 = 3*p. What is the units digit of p?
1
Let x(s) = 100*s**2 - 5*s - 11. Let r(k) = -k**2 + k + 1. Let o(q) = 4*r(q) + x(q). Let d(w) = 1. Let f(u) = 6*d(u) + o(u). What is the units digit of f(-1)?
6
Let h(k) = 2*k**3 + 17*k**2 + 8*k + 12. Let q(l) = l**3 + 4*l**2 + 3*l + 4. Let i be q(-4). Let u be h(i). Suppose -8*d + 60 = u. What is the units digit of d?
6
Suppose -u + 13 = 4*w - 4*u, w + 3*u - 7 = 0. What is the tens digit of (-